 3054.
2, 3, 509
List the prime factors of 4086.
2, 3, 227
List the prime factors of 1968.
2, 3, 41
List the prime factors of 3100.
2, 5, 31
List the prime factors of 121730.
2, 5, 7, 37, 47
List the prime factors of 16209.
3, 1801
List the prime factors of 1271.
31, 41
List the prime factors of 873.
3, 97
List the prime factors of 2902.
2, 1451
What are the prime factors of 7682?
2, 23, 167
What are the prime factors of 6084?
2, 3, 13
List the prime factors of 1266.
2, 3, 211
What are the prime factors of 41719?
41719
List the prime factors of 4547.
4547
List the prime factors of 5736.
2, 3, 239
List the prime factors of 1189.
29, 41
List the prime factors of 102420.
2, 3, 5, 569
What are the prime factors of 21743?
17, 1279
What are the prime factors of 48243?
3, 13, 1237
List the prime factors of 22021.
19, 61
List the prime factors of 24632.
2, 3079
List the prime factors of 60393.
3, 41, 491
What are the prime factors of 30505?
5, 6101
List the prime factors of 5684.
2, 7, 29
What are the prime factors of 8229?
3, 13, 211
What are the prime factors of 8017?
8017
List the prime factors of 7804.
2, 1951
List the prime factors of 5292.
2, 3, 7
List the prime factors of 53208.
2, 3, 739
List the prime factors of 791.
7, 113
List the prime factors of 10050.
2, 3, 5, 67
What are the prime factors of 22306?
2, 19, 587
List the prime factors of 95198.
2, 47599
List the prime factors of 7013.
7013
What are the prime factors of 12068?
2, 7, 431
What are the prime factors of 3669?
3, 1223
What are the prime factors of 13545?
3, 5, 7, 43
List the prime factors of 1387.
19, 73
List the prime factors of 4289.
4289
List the prime factors of 1053.
3, 13
What are the prime factors of 2276?
2, 569
List the prime factors of 2096.
2, 131
What are the prime factors of 766?
2, 383
What are the prime factors of 138447?
3, 15383
What are the prime factors of 41714?
2, 20857
List the prime factors of 324.
2, 3
What are the prime factors of 1555?
5, 311
What are the prime factors of 59548?
2, 14887
List the prime factors of 877.
877
List the prime factors of 6934.
2, 3467
List the prime factors of 4180.
2, 5, 11, 19
What are the prime factors of 47150?
2, 5, 23, 41
List the prime factors of 16845.
3, 5, 1123
List the prime factors of 1190.
2, 5, 7, 17
List the prime factors of 94.
2, 47
List the prime factors of 32688.
2, 3, 227
What are the prime factors of 78861?
3, 97, 271
What are the prime factors of 7220?
2, 5, 19
What are the prime factors of 4929?
3, 31, 53
What are the prime factors of 13608?
2, 3, 7
List the prime factors of 1231.
1231
What are the prime factors of 19640?
2, 5, 491
List the prime factors of 15582.
2, 3, 7, 53
List the prime factors of 877.
877
List the prime factors of 11471.
11471
List the prime factors of 92590.
2, 5, 47, 197
List the prime factors of 74204.
2, 13, 1427
List the prime factors of 122.
2, 61
List the prime factors of 64449.
3, 7, 11, 31
What are the prime factors of 3868?
2, 967
What are the prime factors of 703?
19, 37
What are the prime factors of 718?
2, 359
What are the prime factors of 17179?
41, 419
What are the prime factors of 263?
263
List the prime factors of 18399.
3, 6133
What are the prime factors of 14908?
2, 3727
What are the prime factors of 9949?
9949
What are the prime factors of 95423?
37, 2579
List the prime factors of 15286.
2, 7643
List the prime factors of 6464.
2, 101
What are the prime factors of 18603?
3, 13, 53
List the prime factors of 2517.
3, 839
List the prime factors of 337.
337
What are the prime factors of 3080?
2, 5, 7, 11
List the prime factors of 48150.
2, 3, 5, 107
List the prime factors of 3418.
2, 1709
List the prime factors of 182436.
2, 3, 23, 661
What are the prime factors of 36?
2, 3
List the prime factors of 312.
2, 3, 13
List the prime factors of 1764.
2, 3, 7
What are the prime factors of 25195?
5, 5039
List the prime factors of 41377.
7, 23, 257
What are the prime factors of 1623?
3, 541
What are the prime factors of 7253?
7253
List the prime factors of 1073.
29, 37
List the prime factors of 13514.
2, 29, 233
List the prime factors of 318.
2, 3, 53
List the prime factors of 28943.
103, 281
List the prime factors of 6552.
2, 3, 7, 13
What are the prime factors of 5269?
11, 479
List the prime factors of 12709.
71, 179
List the prime factors of 479.
479
What are the prime factors of 7177?
7177
What are the prime factors of 4350?
2, 3, 5, 29
What are the prime factors of 4375?
5, 7
What are the prime factors of 104870?
2, 5, 10487
What are the prime factors of 74733?
3, 29, 859
List the prime factors of 108131.
108131
List the prime factors of 411.
3, 137
List the prime factors of 929.
929
List the prime factors of 13900.
2, 5, 139
List the prime factors of 254.
2, 127
What are the prime factors of 1355?
5, 271
List the prime factors of 798.
2, 3, 7, 19
List the prime factors of 7262.
2, 3631
List the prime factors of 1183.
7, 13
List the prime factors of 11837.
7, 19, 89
What are the prime factors of 43160?
2, 5, 13, 83
List the prime factors of 740.
2, 5, 37
What are the prime factors of 350?
2, 5, 7
What are the prime factors of 2037?
3, 7, 97
List the prime factors of 1339.
13, 103
List the prime factors of 433.
433
What are the prime factors of 5650?
2, 5, 113
What are the prime factors of 48067?
71, 677
List the prime factors of 342.
2, 3, 19
What are the prime factors of 23711?
131, 181
What are the prime factors of 1158?
2, 3, 193
What are the prime factors of 2852?
2, 23, 31
List the prime factors of 787.
787
List the prime factors of 2185.
5, 19, 23
List the prime factors of 83529.
3, 9281
What are the prime factors of 339?
3, 113
List the prime factors of 246.
2, 3, 41
List the prime factors of 39293.
39293
List the prime factors of 2298.
2, 3, 383
List the prime factors of 576.
2, 3
What are the prime factors of 5329?
73
What are the prime factors of 9378?
2, 3, 521
What are the prime factors of 46452?
2, 3, 7, 79
What are the prime factors of 301?
7, 43
What are the prime factors of 77150?
2, 5, 1543
List the prime factors of 2665.
5, 13, 41
What are the prime factors of 46536?
2, 3, 7, 277
List the prime factors of 3042.
2, 3, 13
List the prime factors of 3386.
2, 1693
List the prime factors of 8539.
8539
List the prime factors of 13437.
3, 1493
What are the prime factors of 709?
709
What are the prime factors of 114493?
114493
What are the prime factors of 2421?
3, 269
List the prime factors of 34296.
2, 3, 1429
List the prime factors of 12722.
2, 6361
List the prime factors of 28977.
3, 13, 743
What are the prime factors of 72172?
2, 18043
What are the prime factors of 927?
3, 103
What are the prime factors of 5875?
5, 47
List the prime factors of 2732.
2, 683
List the prime factors of 2572.
2, 643
What are the prime factors of 1227?
3, 409
List the prime factors of 38400.
2, 3, 5
List the prime factors of 9017.
71, 127
List the prime factors of 1482.
2, 3, 13, 19
List the prime factors of 20203.
89, 227
List the prime factors of 615.
3, 5, 41
What are the prime factors of 1449?
3, 7, 23
List the prime factors of 3155.
5, 631
List the prime factors of 161.
7, 23
What are the prime factors of 5292?
2, 3, 7
List the prime factors of 3945.
3, 5, 263
List the prime factors of 624.
2, 3, 13
What are the prime factors of 17029?
17029
What are the prime factors of 37028?
2, 9257
What are the prime factors of 6381?
3, 709
List the prime factors of 5591.
5591
List the prime factors of 33899.
109, 311
List the prime factors of 4665.
3, 5, 311
List the prime factors of 1391.
13, 107
What are the prime factors of 85005?
3, 5, 1889
List the prime factors of 818.
2, 409
List the prime factors of 162.
2, 3
List the prime factors of 136.
2, 17
What are the prime factors of 3994?
2, 1997
List the prime factors of 7814.
2, 3907
What are the prime factors of 704?
2, 11
What are the prime factors of 1234?
2, 617
What are the prime factors of 13471?
19, 709
List the prime factors of 103954.
2, 51977
List the prime factors of 45267.
3, 79, 191
What are the prime factors of 8959?
17, 31
List the prime factors of 41237.
7, 43, 137
What are the prime factors of 7302?
2, 3, 1217
What are the prime factors of 40063?
40063
List the prime factors of 55079.
55079
List the prime factors 